emainder when -1*(-315)/n*3/(-3) is divided by 32.
31
Suppose 5*a - 7 = 18. Let g(k) = -29*k - 21. Let b be g(-1). Suppose 52 = m + 5*o, 0 = -5*m + b*m - o - 92. What is the remainder when m is divided by a?
2
Calculate the remainder when 1393 is divided by ((-45)/3*1)/((-2)/6).
43
Let y = -567 + 1667. Suppose -3*a - 2*u + 182 = 0, -2*a + 19*u + 120 = 20*u. Calculate the remainder when y is divided by a.
56
Suppose 3*m - 4*p = 5519, -m - 2*p = -6*p - 1837. Suppose 6*f = -557 + m. Calculate the remainder when f is divided by 9.
7
Suppose -514*s = -542*s + 7084. What is the remainder when 1258 is divided by s?
246
What is the remainder when 1298 is divided by (32/14 + (13 - 15))*21?
2
Suppose 63 = 3*t + 2*i, -t + 3*i + 68 = t. What is the remainder when 321 is divided by t?
21
Let g be 14/28 - 15/(-2). Suppose -5*j = -j - g. What is the remainder when 3/(3 - j) + 28 + 2 is divided by 6?
3
Let y be 1/(-4) - (-111)/12. Suppose 0 = -y*t - 66 + 201. Calculate the remainder when (-4)/(-6) - 169/(-3) is divided by t.
12
Suppose 87*q - 1377 = 36*q. Let r = -63 - -299. Let v = r + -132. Calculate the remainder when v is divided by q.
23
Let t be (-2 + 23)/(-3)*-1. Suppose 6*k = t*k. Suppose k*i + 444 = 6*i. What is the remainder when i is divided by 25?
24
Let g be (10 - 1)/((-6)/(-360)*6). Let x be (82/12 - 0) + 15/g. Suppose 8*h - 60 = x*h. Calculate the remainder when h is divided by 31.
29
Suppose -39*u + 106*u = 1474. Calculate the remainder when 147 is divided by u.
15
Let q(s) = 7*s + 44. Let p be q(18). Let y = p - 144. Calculate the remainder when y is divided by 2.
0
Suppose 26*n - 9657 = -26*n + 3031. What is the remainder when n is divided by (-4)/1 + 3 + 50?
48
Let p(o) = 3*o**3 + 144*o**2 + 139*o + 39. What is the remainder when p(-47) is divided by 28?
21
Let j = 98 - 56. Let h(r) = r**3 - 13*r**2 + 12*r + 15. Suppose 0 = 5*b - 7*b + 24. Calculate the remainder when j is divided by h(b).
12
Suppose -2*t = -5*l + 1613, 137*l - 139*l - 4*t = -602. What is the remainder when l is divided by 5?
4
Suppose -3*c - 2*y = -6*y - 74, 2*y = 2. Let t(p) = -3*p + 2. Let l(k) = -1. Let m(n) = 6*l(n) + t(n). Calculate the remainder when c is divided by m(-6).
12
Let i = -13010 - -13020. Let z(c) = -c**3 - c**2 + c + 2. Let d be z(2). Let f(o) = -3*o + 1. What is the remainder when f(d) is divided by i?
5
What is the remainder when ((-62)/(-4))/(-18*(-26)/21528) is divided by 5?
3
Suppose 0 = -14*r + 131 + 247. Calculate the remainder when 1480 is divided by r.
22
Suppose 3*p = -2*j - 14, 0 = 4*p + 2*j + 3*j + 28. Suppose h - 5*v - 24 = 0, 48 = -0*h + 2*h - 2*v. What is the remainder when (-8)/p + 40 + -1 is divided by h?
19
Suppose 11*b - 31*b + 51 + 109 = 0. What is the remainder when 3462 is divided by b?
6
Let o(i) = -i**2 + 6*i + 101. What is the remainder when 1882 is divided by o(6)?
64
Calculate the remainder when 848 is divided by (-14 + (-372)/(-31))*(-148 + -1).
252
Let w(z) = -14*z - 16. Let k be w(-8). Calculate the remainder when 1/8 - 90*(-402)/k is divided by 95.
92
Let v = -6 - -19. Let o(q) = -3*q**3 - 13*q**2 - 11*q + 1. Let b be o(-7). Suppose 69*h - 79*h = -b. What is the remainder when h is divided by v?
8
Suppose 0 = -4*g - 4*t + 5 + 7, -19 = -5*g - t. What is the remainder when (3/g)/1 + 20/80 is divided by ((-3)/(42/(-4)))/(56/196)?
0
Let c(q) = 11*q**3 - 3*q**2 + 21*q - 19. Let b be c(1). Suppose b*t + 19*t - 1218 = 0. Suppose 2*m = -2*m + 668. What is the remainder when m is divided by t?
41
Let y(p) = p**2 - 7*p + 16. Let f = -128 - -135. Let i = 29 - -29. Calculate the remainder when i is divided by y(f).
10
Let p(g) = 32*g - 388. Let w be p(-6). Let c = -565 - w. What is the remainder when 74 is divided by c?
14
Let p = 3264 + -3191. Calculate the remainder when 1311 is divided by p.
70
Suppose 88*y - 89*y + 59 = 5*d, 3*y - 3*d = 87. What is the remainder when 7682 is divided by y?
32
Suppose 7*r - 67 = 17. Suppose 4*k + 3*h - h - 370 = 0, -k + 82 = 4*h. Calculate the remainder when k is divided by r.
10
Let v(z) be the first derivative of 21*z**2 - 137*z - 52. Calculate the remainder when (-118)/(-2) + (-1 - -1) is divided by v(4).
28
Let n be (-88)/(-6) - 14/21. Suppose -k - 195 = -n*k. Suppose 0*m - m + 2 = y, -y + 10 = -m. Calculate the remainder when k is divided by y.
3
Let b(h) = 6*h**3 + 35*h**2 - 93*h - 517. Suppose n - 3 = 2. Calculate the remainder when b(-6) is divided by n.
0
Suppose 4*i - 1385 = -1061. Let p(a) = -5*a + 337. Calculate the remainder when i is divided by p(59).
39
Let a = -160 + 272. Let g = a + -36. Suppose -g = -4*f - 0*x - 4*x, 4*f + 5*x - 80 = 0. What is the remainder when 26 is divided by f?
11
Suppose 1732*t - 866*t = 847*t + 43187. What is the remainder when t is divided by 35?
33
Let w be (-5)/(-2) + -1 + 1215/6. Calculate the remainder when 4/2 - w/(-17) is divided by 10.
4
Let s be 1/(-3 - (-3 + 1)). Let f be 1 + s - (1 - 6). Suppose -3*v + 5*g = -67, -f*v + 4*v + 2*g = -23. Calculate the remainder when v is divided by 4.
3
Suppose -24508 = -6*h - 22*h + 580. What is the remainder when h is divided by 10?
6
What is the remainder when 2597 is divided by 2/(3*20/510)?
13
Let y(w) = 7*w**2 + w - 1. Let a be y(1). Suppose -21*o - 560 = -1736. Suppose -a*v - v = -o. Calculate the remainder when 20 is divided by v.
6
Let i(s) = s**3 + 8*s**2 - 68*s + 29. Calculate the remainder when i(9) is divided by 151.
39
Let n = -38 + 56. Let t(l) = l + 2. What is the remainder when ((-808)/n)/(-4) - (-14)/(-63) is divided by t(2)?
3
Let j(k) = 2*k**3 - 17*k**2 + 24*k + 6. Let p be j(7). Suppose -24*r - b - 121 = -p*r, 2*b + 32 = r. Calculate the remainder when 53 is divided by r.
11
Let u = -6728 - -6882. What is the remainder when 4925 is divided by u?
151
Suppose -2*z + 5*p = -102, -z + 56 = -7*p + 2*p. Suppose -173*a + 144*a + 234*a - 4920 = 0. What is the remainder when z is divided by a?
22
Let q be 102 + (7 - 1/(-1)). Suppose -5*b + n = -374 - q, -2*b + 2*n + 200 = 0. Calculate the remainder when b is divided by 2 + (-64)/(1 + -3).
28
Let l be -1 - 1060/(8/(-2)). Suppose -11*j + 33 = -l. Let x(r) = -r + 15. Calculate the remainder when j is divided by x(10).
2
Let i be (-49136)/666 + 2/9*-1. Let p = -59 - i. Calculate the remainder when 88 is divided by p.
13
Suppose 11*i + 1232 = 15323. Calculate the remainder when 3/(-4) - i/(-28) is divided by 23.
22
Let l = -164 - -28. Let x = l + 238. Let h = 37 - 16. What is the remainder when x is divided by h?
18
Let p be 725/(-60) - (-6)/72. Calculate the remainder when 62 is divided by -7 + 12 - p/3.
8
Let k(l) = 90*l + 8293. Calculate the remainder when 1623 is divided by k(-92).
11
Suppose -6179 = -11*g + 5602. What is the remainder when g is divided by 66?
15
Suppose j = 2*u + 23, 11*u + 19 = j + 13*u. Let d(r) = r**3 + 31*r**2 - 35*r - 43. Calculate the remainder when d(-32) is divided by j.
11
What is the remainder when 401 is divided by 248/18 + 286/1287?
9
Calculate the remainder when (-18)/(-3)*(-64289)/(-318) is divided by 29.
24
Let s be ((-6)/27)/(((-8)/18)/4). Suppose 0 = 4*h - 4*w - 254 - 242, -s*h + 242 = -5*w. What is the remainder when h is divided by 26?
22
Let j(m) = -3*m + 34. Calculate the remainder when 93 is divided by j(1).
0
What is the remainder when 405/54*(-16080)/(-50) is divided by 20?
12
Suppose -3*d - 3*t = -10824, -5*t = -22*d + 25*d - 10824. Calculate the remainder when d is divided by 190.
188
Let w = -2256 + 2271. Calculate the remainder when 743 is divided by w.
8
Let d(g) = 20*g**2 - 19*g + 2. Calculate the remainder when 498 is divided by d(3).
123
Suppose 3*z - 295 = -2*z. Suppose 3 = 3*c + 2*m + m, 4*m - 4 = c. Suppose c = 16*g - 289 - 207. Calculate the remainder when z is divided by g.
28
Suppose -5*o = 3*w - 1420, -784*w + 1875 = -780*w + 3*o. What is the remainder when w is divided by 191?
83
Suppose -41*z - 1074 = -43*z. Suppose -148*h = -151*h + z. Suppose 11*r - h = 173. Calculate the remainder when 60 is divided by r.
28
Let l = 47 - 15. Calculate the remainder when -4 - (-118 - (2 + -14) - -9) is divided by l.
29
What is the remainder when 29 is divided by (48/264 + 588/33)*(2 - 1)?
11
Let t be 2/(-6)*((-16)/4 - -1). Calculate the remainder when ((-434)/6 - t)*156/(-104) is divided by 58.
52
Suppose 3